t is -1231121022 - 3313?
-1231131001
In base 4, what is -331 - -1103001310?
1103000313
In base 9, what is 2 - -6626372?
6626374
In base 3, what is -1 - -211220021011221?
211220021011220
In base 15, what is -119265 + 4e?
-119216
In base 14, what is -313b - -aa54?
7917
In base 11, what is -57708 - 6a?
-57777
In base 5, what is -32230142 + 4013?
-32221124
In base 11, what is -102366 + 6a94?
-a6382
In base 16, what is -9 - -30cfc4?
30cfbb
In base 3, what is -1 + -201010102212222?
-201010102220000
In base 2, what is 101000011011110001110111 + 10?
101000011011110001111001
In base 11, what is 749401a28 - -1?
749401a29
In base 12, what is -243189 + 11?
-243178
In base 5, what is -3431010 + -342421?
-4323431
In base 6, what is -422441435 + 1?
-422441434
In base 7, what is 12106306 + 4?
12106313
In base 10, what is 4 + -14245283?
-14245279
In base 13, what is b91 - -c6b?
1b2c
In base 13, what is -10a1 + -20544?
-21615
In base 9, what is -8 - 3456107?
-3456116
In base 5, what is 12024133220 + 0?
12024133220
In base 5, what is 2242123 - -34214?
2331342
In base 15, what is 1b9 - 2847?
-267d
In base 16, what is f40 - -366b?
45ab
In base 6, what is 530425 - 1005?
525420
In base 6, what is 1235243011 - 142?
1235242425
In base 6, what is 153315 + 3320?
201035
In base 4, what is -1012 + -201203210232?
-201203211310
In base 12, what is -476343 + a?
-476335
In base 13, what is 1124bc + 3b0?
11289c
In base 6, what is 41 - -1135300212?
1135300253
In base 5, what is 0 - -31014300230?
31014300230
In base 4, what is 2101332321110103 - -1?
2101332321110110
In base 12, what is 728573 + 8?
72857b
In base 14, what is -2cc + -4686?
-4974
In base 13, what is -85 + -15a5bca?
-15a5c82
In base 3, what is -22 + -110011012220102001?
-110011012220102100
In base 5, what is -11132223342014 + -2?
-11132223342021
In base 13, what is 7 - 45b1a69?
-45b1a62
In base 13, what is -188 + 6c15?
6a5a
In base 4, what is -303 + -223102222203?
-223102223112
In base 7, what is -5 - -33414135?
33414130
In base 6, what is -203 - 2422411?
-2423014
In base 3, what is 210 + -1212210121?
-1212202211
In base 3, what is -2 - -202221000010100?
202221000010021
In base 15, what is 45 - -1970?
19b5
In base 15, what is -d + -2a200d?
-2a201b
In base 12, what is -14 - 800563?
-800577
In base 7, what is -64415 - 24156?
-121604
In base 2, what is 1010100001110000010010111 + -101?
1010100001110000010010010
In base 7, what is -164103 - -251?
-163522
In base 16, what is 124823 + -5?
12481e
In base 4, what is -3 - 21021030300?
-21021030303
In base 9, what is -206 + -8088311?
-8088517
In base 15, what is -10 + 63c1b2?
63c1a2
In base 6, what is 540 + -3335252?
-3334312
In base 9, what is -25146381 - 2?
-25146383
In base 16, what is -4 + -3bbc6b8?
-3bbc6bc
In base 2, what is -11111111111 + -1001100101111001111?
-1001101001111001110
In base 9, what is 20771 + -317?
20453
In base 2, what is -11011000101000111110010 + -10?
-11011000101000111110100
In base 15, what is 18d + -289d14?
-289b76
In base 15, what is -671be + 2b?
-67193
In base 15, what is 1d82d + 2a?
1d858
In base 11, what is -a77 + -13742?
-14709
In base 6, what is 1002335021 - 3?
1002335014
In base 3, what is -101001 - 1001222112110?
-1001222220111
In base 2, what is -111 - 101101111000100100101000010?
-101101111000100100101001001
In base 16, what is -2 - 666c8?
-666ca
In base 4, what is 1003223000220 + 112?
1003223000332
In base 12, what is -b2392 - 586?
-b2958
In base 14, what is 645c3085 + -1?
645c3084
In base 8, what is -3 + 26711716?
26711713
In base 13, what is -1668263 + -1?
-1668264
In base 16, what is -7 - 23f9f4?
-23f9fb
In base 16, what is 7ab6 - 2c?
7a8a
In base 8, what is 6 + -4551636?
-4551630
In base 12, what is 29582917 + -5?
29582912
In base 9, what is 16 - -21850537?
21850554
In base 3, what is -2010010 + -11021221?
-20102001
In base 15, what is -34 - 7400c?
-74041
In base 9, what is -832881 - 125?
-833116
In base 7, what is 665606 + -301?
665305
In base 6, what is -22213535 - -25?
-22213510
In base 3, what is 101021210200210120 - -1?
101021210200210121
In base 13, what is 2 + -512387?
-512385
In base 6, what is -132152 + -5332?
-141524
In base 12, what is -b + -a70b334?
-a70b343
In base 12, what is 143 - 8147?
-8004
In base 3, what is 20011122 + -10200012?
2111110
In base 12, what is -17b3b1912 - 3?
-17b3b1915
In base 3, what is 20002101 + 10102211?
100112012
In base 4, what is 22102021 + -3322?
22032033
In base 14, what is 458714 + 11a?
458830
In base 3, what is -1 + -11122121102000011?
-11122121102000012
In base 3, what is 12021212021 - -1111202?
12100101000
In base 3, what is 211 - -201120222022010?
201120222022221
In base 12, what is 3 - 30666a3?
-30666a0
In base 11, what is 1a862a9 + -20?
1a86289
In base 3, what is 1220 + -222110211?
-222101221
In base 11, what is 2aa8 + -12860?
-a863
In base 3, what is 20101112 - 2111112?
10220000
In base 10, what is -40 - -7948?
7908
In base 6, what is -3323 - -202010?
154243
In base 15, what is -a + 8e365?
8e35a
In base 15, what is 4 - -1b727aa?
1b727ae
In base 3, what is 201 + 120101120000?
120101120201
In base 3, what is -12202112022021 + 10?
-12202112022011
In base 12, what is 1b76081 + -8?
1b76075
In base 9, what is -57203543 + 4?
-57203538
In base 6, what is -11240523400 + 3?
-11240523353
In base 5, what is 214330102 - -3?
214330110
In base 16, what is 2 + -54243c?
-54243a
In base 9, what is -314443818 - 1?
-314443820
In base 11, what is -11 - 251707?
-251718
In base 4, what is 3123 + -30232?
-21103
In base 6, what is -553244 - 3210?
-1000454
In base 14, what is 16 - -6caa5?
6cabb
In base 11, what is -6 - -527238?
527232
In base 15, what is 785d + 26a5?
a013
In base 7, what is 3623103 + -126?
3622644
In base 2, what is -100001 + -10011111001111011011?
-10011111001111111100
In base 6, what is -2401 - -5305?
2504
In base 9, what is -14636 + 4876?
-8650
In base 4, what is 2 - -30130001303?
30130001311
In base 13, what is -5 - -53707a9?
53707a4
In base 4, what is 133100030 + 2010?
133102100
In base 8, what is 63212 - 6411?
54601
In base 15, what is 4c4 + -c521?
-c04c
In base 14, what is 12 - -3939da?
393a0c
In base 10, what is -279 - -34474?
34195
In base 16, what is -8a60c3 + -f?
-8a60d2
In base 11, what is -a1 + -79467?
-79558
In base 11, what is 22 - 301737?
-301715
In base 9, what is 648168 - -64?
648243
In base 16, what is -7d5074 - -5?
-7d506f
In base 16, what is 32371 + e8?
32459
In base 5, what is -2412124 - 342?
-2413021
In base 15, what is -5 - 1754db?
-1754e1
In base 16, what is -13f - -2619e?
2605f
In base 14, what is 7 + -2113d81?
-2113d78
In base 10, what is 137155457 - -5?
137155462
In base 16, what is -2617 - -ee8?
-172f
In base 13, what is 13412 - -4a32?
18144
In base 8, what is 5 - -3341751?
3341756
In base 8, what is 152412116 + 0?
152412116
In base 9, what is 72 + -4634672?
-4634600
In base 5, what is -14 - -1210022232?
1210022213
In base 3, what is 12 + 2212000120022?
2212000120111
In base 8, what is -7 - 201631727?
-201631736
In base 13, what is -4958 + -6394?
-b01c
In base 8, what is 16730742 - -1?
16730743
In base 14, what is 1d76 + -c4b0?
-a538
In base 15, what is 2dc - -13b7?
16a4
In base 16, what is -2c6e2 - 6a?
-2c74c
In base 10, what is 21 - -24916721?
24916742
In base 5, what is 143220021 - -1?
143220022
In base 6, what is 1 + -35502530405?
-35502530404
In base 3, what is 1220 + 11002002101?
11002011021
In base 4, what is -10010220033 + -2030?
-10010222123
In base 11, what is 2452 - 3507?
-1065
In base 5, what is 10 + 21233243041?
21233243101
In base 8, what is -62 - 12520363?
-12520445
In base 6, what is -5 + 223314500?
223314451
In base 14, what is 843aaa + b6?
843b82
In base 12, what is 38689b4 + 5?
38689b9
In base 9, what is -6612 - -1354?
-5247
In base 6, what is -13451313 - -20?
-13451253
In base 7, what is -1040262655 - 2?
-1040262660
In base 5, what is 2210441 + 1111432?
3322423
In base 5, what is -1 + -1004440103?
-1004440104
In base 10, what is -13 - 109052?
-109065
In base 3, what is -102110122 - -2010012220?
1200202021
In base 10, what is 242 - -2524?
2766
In base 8, what is 67546537 + 1?
67546540
In base 9, what is 48351 - 5575?
42665
In base 5, what is 414 + -113203201?
-113202232
In base 3, what is -11001001201202 + -121?
-11001001202100
In base 5, wh